6. Calculate the greatest common factor of 7 and x.
7
Let i = 9 - -6. Suppose 90 = 3*q - q. Suppose -4*m + 57 = -0*p + 3*p, 2*p - q = -5*m. What is the greatest common factor of i and p?
15
Suppose 4*q + 2*w - 54 = 0, -2*q + 2*w = -10 - 8. What is the greatest common factor of q and 108?
12
Suppose -5*g = 19 - 69. Let z = g - 6. Let i(d) = -d**3 + 6*d**2 - 4. Let n be i(z). Calculate the greatest common divisor of n and 7.
7
Let d(r) = -r + 1. Let y = 1 - -1. Let o be d(y). Let g be (-22)/o*(-1)/(-1). What is the highest common factor of g and 55?
11
Let l(g) = -g. Let r be l(-6). Suppose r*v - v - 300 = 0. What is the greatest common divisor of v and 40?
20
Suppose -14*u = -9*u - 25. Suppose -u*i = -3*w - 76, w = 4*w - 9. Calculate the greatest common factor of 85 and i.
17
Let j = 88 - -86. Suppose j = 4*h + 14. What is the highest common factor of 20 and h?
20
Let l = -2 + 7. Let j(q) = 2*q**2 + q + 5. Let i be j(l). Calculate the highest common divisor of 12 and i.
12
Suppose -i = 4*i - 90. What is the greatest common factor of i and 12?
6
Let p = -34 + 73. Calculate the greatest common factor of p and 13.
13
Suppose -32 = -2*g - 2*g. Let n = -5 - -8. Suppose n*s - g = -s. Calculate the highest common divisor of s and 22.
2
Let j = 7 - -45. Calculate the highest common divisor of 182 and j.
26
Suppose -20 = r - 2. Let g be (114/r)/((-1)/3). Suppose -c - 3*c + 4*o = -88, -5*c + 101 = -2*o. What is the highest common divisor of g and c?
19
Let n(p) = p + 17. Let h be n(-8). What is the highest common divisor of h and 63?
9
Let y = -48 - -92. Let g = 3 + -3. Suppose 0 = -j - g*j + 4. Calculate the greatest common divisor of y and j.
4
Let s(k) = -2 - 1 - 2*k - 5*k. Let f be s(-6). Let n(y) = 2*y**2 - 8*y + 3. Let u be n(5). What is the highest common divisor of u and f?
13
Let b = 15 - 9. Let c = -4 - -7. Calculate the highest common divisor of c and b.
3
Let p be -3 + (128 - (2 - 1)). Suppose 0 = 4*f - 296 - p. Calculate the highest common divisor of f and 15.
15
Suppose 2*k + 14 = 3*k. Suppose -k = -0*o - o. What is the highest common factor of 7 and o?
7
Let w = 85 - 65. What is the greatest common factor of 50 and w?
10
Let q = 50 - 44. Suppose -4*j = -11 - 25. What is the greatest common factor of j and q?
3
Let j(f) = -f + 35. Let z be j(0). What is the highest common factor of z and 7?
7
Suppose 7*l + 2*a = 3*l + 20, -5*l = 5*a - 25. Let x be -4 + 7 - (1 - l). Calculate the highest common divisor of x and 77.
7
Let k = 4 - -3. Calculate the highest common factor of k and 77.
7
Let j(v) = 4*v**2 - 2*v - 2. Let t be j(2). What is the greatest common factor of 90 and t?
10
Suppose a = -4, -3*u + 2*a - 40 = -5*u. Suppose 3*r - u = 2*r. Calculate the greatest common factor of 8 and r.
8
Suppose m + 2 - 5 = 0. Suppose -o + 27 = 2*o. Calculate the greatest common factor of m and o.
3
Let g be -3*(-6)/(-9) + 4. Let j be g/8 + 285/12. What is the greatest common factor of 3 and j?
3
Let h = 273 + -193. What is the greatest common factor of h and 32?
16
Let t(x) = 4*x - 20. Let w be t(7). Calculate the highest common factor of w and 32.
8
Suppose 3*k - 4*l = -3 + 7, 2*k + 4*l = 36. Calculate the greatest common divisor of k and 32.
8
Let z = -277 + 486. Calculate the greatest common divisor of 11 and z.
11
Let o = 51 + -89. Let d be (-1)/6 + o/(-12). Suppose 0 = 3*u, -5*x - d*u = 2*u - 20. What is the greatest common factor of 32 and x?
4
Let a(d) = d**3 - 6*d**2 + 8*d + 7. Let j be a(5). Calculate the greatest common divisor of 242 and j.
22
Let p(x) = -x**2 - 6*x + 11. Let s be p(-7). Let b be (s/6)/(16/672). Let u be ((-42)/(-4))/((-2)/(-8)). What is the highest common factor of b and u?
14
Let r = -48 + 160. Suppose 0*i = -4*i + 56. What is the greatest common factor of r and i?
14
Let r(i) = i**3 + 6*i**2 + 3*i + 10. Let w be r(-4). Suppose n - w = 10. Calculate the highest common divisor of 100 and n.
20
Let y(m) = -8*m + 14. Suppose -3*z + 170 = 5*f, -6*f + f - 190 = -3*z. Suppose z = -3*u - 2*u. Let b be y(u). What is the highest common divisor of b and 10?
10
Let p = -37 - -49. Calculate the highest common factor of p and 132.
12
Suppose -9 = 7*f - 10*f. Suppose f*i = 5*i - 110. Let s be (-14)/(-3) - 2/(-6). Calculate the greatest common factor of i and s.
5
Suppose w + 5 - 18 = 0. Suppose -5*v - 5*k + 2900 = 0, v - 5*k = -v + 1195. Suppose -v = -5*g - 0*g. Calculate the highest common divisor of g and w.
13
Suppose d - 255 = -2*d. Calculate the highest common divisor of 34 and d.
17
Suppose 0*p + 4*c - 54 = -p, p + 5*c - 51 = 0. Calculate the highest common divisor of p and 22.
22
Let r(c) = -c**3 + 7*c**2 - 4*c + 2. Let h be r(6). What is the highest common factor of 126 and h?
14
Let o be 86 - (-1)/(2/(-4)). Suppose -5*y + 4*y = -21. Calculate the highest common divisor of y and o.
21
Let v(n) = -n**2 - n - 3. Let f be v(0). Let a(p) = -p**2 - 6*p + 4. Let l be a(f). What is the greatest common factor of 13 and l?
13
Let m(y) = -y**3 - 7*y**2 + 8*y + 6. Let l be m(-8). Let v(i) = 9*i - 7. Let d be v(l). Suppose d + 85 = g. Calculate the greatest common divisor of g and 12.
12
Suppose 2*m + 4*g = 69 + 217, 0 = 4*g. Let v = 6 - 6. Suppose v = -2*h + 19 + 7. What is the highest common divisor of h and m?
13
Suppose -4*o - 62 = 2*a, o + a - 6*a = -21. Let q = -10 - o. Suppose -x = -q*x + 25. Calculate the greatest common divisor of 40 and x.
5
Suppose -4*v - f = -2 - 1, 3*v + 2*f + 4 = 0. Suppose v*u + 146 = 2*g, -220 = -4*g + g + 4*u. What is the highest common factor of g and 9?
9
Let k = -16 + 116. Let o be ((-4)/10)/((-6)/900*3). What is the highest common factor of o and k?
20
Suppose 21*h + 168 = 24*h. Calculate the greatest common factor of 84 and h.
28
Let b = -180 + 255. What is the highest common factor of b and 15?
15
Suppose 108 = 2*s - 2*q, -2*q = 4*s + q - 188. What is the highest common divisor of 10 and s?
10
Let b(s) = 5*s + 10. Let n be b(-11). Let p be (n/(-3) + 1)/2. What is the greatest common divisor of 88 and p?
8
Suppose b - 4*b + 78 = 0. Calculate the greatest common divisor of 286 and b.
26
Let j be 30*(6/5 - 2). Let q be 337/(-4) - 6/j. Let a be (-1)/(2/q*1). Calculate the greatest common factor of 14 and a.
14
Suppose 5*y = 4*s + 50, -4*y + 2*s + 31 = -3*s. Calculate the highest common factor of 42 and y.
14
Let h(d) = -15*d - 1. Let k be h(-3). Suppose 0 = -3*u + 6. Let f = u - -2. What is the highest common factor of f and k?
4
Let a(g) = -7*g + 6. Let s be a(-7). What is the highest common factor of 22 and s?
11
Suppose 4*h - 27 = -99. Let w = h + 30. What is the greatest common factor of 8 and w?
4
Let m(v) = 3*v - 1. Let q be m(1). Suppose 4*o + o - 112 = -4*j, 74 = 4*o - q*j. Calculate the highest common divisor of o and 10.
10
Let a = 5 + -3. Let h = 6 - 0. Let b = a + h. What is the greatest common divisor of 64 and b?
8
Let c be 197 - (-1 + (1 - 3)). Calculate the greatest common factor of 25 and c.
25
Let f be (-6)/(-14) + (-382)/(-7). Suppose -n + 29 + f = 0. Calculate the highest common factor of 12 and n.
12
Suppose 886 = 5*v - 434. What is the highest common divisor of 33 and v?
33
Let m(p) be the first derivative of 19*p**3/3 - p**2 - 3*p - 1. Let s be m(-2). Suppose 7 = 3*g - 14. What is the highest common factor of g and s?
7
Suppose 167 = 4*x - 169. Calculate the highest common factor of x and 126.
42
Let k(y) = -y**3 + 9*y**2 - 7*y + 1. Let z be k(8). Let x = 45 - z. Calculate the greatest common factor of x and 4.
4
Suppose 3*g - 120 = -9*g. Let x be 113 + 1/((-1)/3). What is the highest common divisor of x and g?
10
Let j be 3 + -2 + 1 + 13. Let d be j/10 + (-2)/(-4). Calculate the highest common factor of d and 10.
2
Suppose -3*v + 2 = -4. Suppose -f = v*m - 3, 2*m = -f - m + 3. Calculate the highest common divisor of f and 21.
3
Let c be 0*2/(-2) + 2. Suppose -2*w = 3*k - 152, 0 = -3*w - c*w - 25. Calculate the highest common divisor of 6 and k.
6
Let i be (-1)/((1/(-1))/(-1)). Suppose -4*y = 4, q + 5*y = 5*q - 517. Let w be q + 0 + -1 + i. Calculate the greatest common divisor of w and 14.
14
Suppose 4*b - 3*b + 5 = 0, -45 = -2*s + b. Let h = 7 + s. What is the greatest common factor of h and 9?
9
Let x = -8 - -6. Let q be (0 - (-6)/(-4))*x. What is the highest common factor of q a